2, 433
Let k = -18 - -93. Suppose l - k + 22 = 0. Let x = -33 + l. What are the prime factors of x?
2, 5
Let j = 2476 + -1588. What are the prime factors of j?
2, 3, 37
Let l(s) = 18*s - 13. Suppose -7*p - 3*g = -2*p - 46, -p - g = -10. What are the prime factors of l(p)?
131
Let l(a) = 3*a**2 + 8*a + 27. List the prime factors of l(-5).
2, 31
Suppose 4*d + 2*z - 3762 = 1372, -3*d = 2*z - 3853. What are the prime factors of d?
3, 7, 61
Suppose 0 = 11*k + 3*k - 840. What are the prime factors of k?
2, 3, 5
Let p(d) = 21*d - 5. Let w be p(3). Suppose -4*x = 3*l - 111, -w = -4*x + 5*l + 77. List the prime factors of x.
2, 3, 5
Let j(o) = -17*o + 17. Let y = -14 - -10. What are the prime factors of j(y)?
5, 17
Let a be (-88)/(-9) + (-6)/(-27). Suppose -2*c + a = -0*c. Suppose -c*q = -4*d - 94, 4*d = 3*q + 3*d - 62. List the prime factors of q.
2, 11
Suppose -3*v + 1077 = 3*w - 315, 928 = 2*w + v. What are the prime factors of w?
2, 29
Let q = -1358 + 3326. List the prime factors of q.
2, 3, 41
Let r = 349 - -159. Suppose 4*o - 127 = -g + o, -2*o = -4*g + r. What are the prime factors of g?
127
Let m(b) = 247*b**2 + 13*b - 76. What are the prime factors of m(4)?
2, 491
Suppose 4*a - 11 = -a + z, -2*z + 6 = 4*a. Suppose -a*p + 8 = -22. Let g = p + 49. List the prime factors of g.
2
Let n = -20 - -214. Suppose 4*v = -l + 83, -2*l - v = -0*v - n. What are the prime factors of l?
3, 11
Let u be -109 - (-3 + 2 + 0). Let x = -46 - u. List the prime factors of x.
2, 31
Let s = -19 + 13. Let h(p) = p**2 + 3*p - 6. Let a be h(s). Suppose 5*o + 3*z = 49, -3*o + a + 11 = 5*z. List the prime factors of o.
11
Let s(v) = 9*v**2 - 137*v + 19. List the prime factors of s(18).
7, 67
Let z(c) = -123*c**3 - 1 - 26*c**3 - c**2 + 25*c**3 + 0 - c. Let k be z(-1). What are the prime factors of (k/12)/(1/4)?
41
Let w(b) = 1 - 19*b - 1 + 1. List the prime factors of w(-4).
7, 11
Let y be 48 + 4/(-16)*-4 + 2. List the prime factors of 10*12/15*y/2.
2, 3, 17
Let s be (3 - 3) + -166 - (-8)/(-8). Let l = s - -318. What are the prime factors of l?
151
Suppose -40 = -3*o + 14. Let v = 32 - o. Let y = 0 + v. List the prime factors of y.
2, 7
Let r(s) = s**2 - s - 11. Let v be r(5). Let m be (-6)/27 - (-2)/v. Suppose -4*o - 31 = -5*t - m*o, 2*t + 5*o = -14. What are the prime factors of t?
3
Let w(f) = -7*f + 10. Let x be w(-7). Let c = 106 - x. Let h = -29 + c. List the prime factors of h.
2, 3
Suppose 5*y - 121 = 5*x - 16, -x + 3*y - 23 = 0. Let l = 39 + -14. Let u = x + l. What are the prime factors of u?
5
Let i(l) = 3*l**3 - l**2 - 5*l + 4. Suppose 2*u + 5*s + 2 = 0, s + s = -4. Suppose -u*v + 8*v + z - 14 = 0, -3*z = 3*v - 15. What are the prime factors of i(v)?
61
Let k = 28 + -27. Let v(z) = 33*z**2 - 3*z + 1. List the prime factors of v(k).
31
Let k(u) = u**3 - 4*u**2 + 4*u - 3. Let a be k(3). Suppose a = -3*s - 2*s + 155. Suppose 4*i - 2*w - 47 = s, 5*w - 15 = 0. List the prime factors of i.
3, 7
Let g(t) = -4*t - 10. Let m be g(-3). Suppose 53 = m*a - 117. What are the prime factors of a?
5, 17
Let z(t) = 3*t**2 + 3*t - 8. Let q be z(9). Suppose -2*s + 65 + 69 = 2*y, 0 = 4*s + 2*y - q. List the prime factors of s.
2
Let l(p) = p**2 - 4*p + 9. Let r(a) = 4*a - 10. Let n(x) = -3*l(x) - 2*r(x). Let f(h) = -h**2 - 1. Let d(j) = 4*f(j) - n(j). List the prime factors of d(-4).
3
What are the prime factors of (2/(-8))/(92/(-1375216))?
37, 101
Let u(x) = -x**3 + 7*x**2 + 20*x - 36. List the prime factors of u(-10).
2, 3, 61
Let f = 1113 - 782. List the prime factors of f.
331
Let l be -1 - 0 - (-2 + 1) - -139. Suppose -5*u + 4*k + 243 = 0, -l = -3*u - 0*u - k. What are the prime factors of u?
47
Suppose -26553 = -15*p - 38*p. List the prime factors of p.
3, 167
Suppose -7*l + 3 = -3*l + 5*u, u - 3 = -2*l. Suppose 0 = 3*d - 0*d + 15, -1 = -l*v + d. List the prime factors of 14/(v/(-2) - 0).
2, 7
Let b = -10 + 10. Suppose 3*r + 2*u + 3*u + 52 = b, 0 = 2*r - 5*u + 43. What are the prime factors of (1 + r)*(-24)/18?
2, 3
Let r(i) = 525*i**2 - i + 1. Let p be r(1). Suppose -3*o + a + 315 = -a, -5*o = -4*a - p. List the prime factors of o.
3, 5, 7
Let t(f) = 24*f**2 + f**3 - 7*f - 8*f - 22*f - 34. What are the prime factors of t(-25)?
2, 7, 19
Suppose 1240 = 23*q - 15*q. What are the prime factors of q?
5, 31
Let p be (-47)/(-9) - (-6)/(-27). Suppose 6*c + 2*x + 65 = 3*c, c - p*x - 1 = 0. List the prime factors of (-3)/(12/(-8)) - c.
3, 7
Let f(t) = t**3 - 16*t**2 - 47*t + 31. List the prime factors of f(19).
13, 17
Let i(m) = m**2 + 4*m - 6. Let y be i(-9). Let f = 8 - y. Let h = f + 63. List the prime factors of h.
2
Suppose 3*y - z + 12 = -2*z, -4*y + 4*z = 0. What are the prime factors of 1656/24 + (-2)/y*6?
73
Suppose 3*b = v + 11 + 1, 4*v = 3*b - 21. Let i = 14 - v. List the prime factors of i.
17
What are the prime factors of ((-1376)/(-6))/(104/156)?
2, 43
List the prime factors of (9254/21)/(2/(-3))*-1.
661
Let l = 61 - 60. Let v(n) = n**3 + 6*n**2 + 5*n + 2. Let r be v(-5). Suppose z - 14 = r*k - l, 4*z + 3*k - 96 = 0. List the prime factors of z.
3, 7
Let r = 14 - 20. Let t be 8/2 + r + 6. Let l(x) = 2*x**2 - 4*x - 4. List the prime factors of l(t).
2, 3
Let q be 11 + 2 + (-1)/1. Suppose q = c - 3*c. Let v = 11 + c. What are the prime factors of v?
5
Let o = 2 + 2. Suppose -27 = -o*t + 45. Suppose 3*v - 3 = t. What are the prime factors of v?
7
Let m = -2212 - -3596. What are the prime factors of m?
2, 173
Let n(z) = 7*z - 8. Let p = 5 - -1. Let x be n(p). Suppose 0 = -3*v + v + x. List the prime factors of v.
17
Let p be (0 - 0 - 2)*4. Let n = -4 - p. Suppose -5*l - 39 = -2*x + 3, 0 = n*x - 2*l - 68. List the prime factors of x.
2
Let b = -22 - 57. Let o = b - -54. Let a = o + 35. List the prime factors of a.
2, 5
Suppose 0 = 4*o - 59 - 37. Suppose 5*h - 5 - o = 3*n, 3*h - 6 = -2*n. Suppose -2*m + h = -5*t, -m + 4*t = -0*t + 4. List the prime factors of m.
2, 3
Suppose 85*r - 82*r - 1077 = 3*x, -2*r + x = -715. List the prime factors of r.
2, 89
Suppose 2510 = 4*x - 1186. Suppose 0*u = 6*u - x. List the prime factors of u.
2, 7, 11
Let b(g) = -g**2 - 21*g - 2. Let q be b(-8). Let s = -73 + q. What are the prime factors of s?
29
Suppose 5*j = 5*m + 1400, 3*j + 2*j - 1402 = 3*m. List the prime factors of j.
281
Suppose -k - 2*r + 272 = 0, -6*r + r = -2*k + 508. What are the prime factors of k?
2, 3, 11
Let j be (49/(-28))/(2/(-8)). Let l(o) = 2*o**2 + 4*o - 25. What are the prime factors of l(j)?
101
Suppose -3*k + 16*z + 1149 = 19*z, 4*k - 1562 = 6*z. List the prime factors of k.
2, 193
Let w(r) = -r**3 + 12*r**2 + 4*r + 7. Let c be w(12). Let l = c + -86. Let d = 54 + l. What are the prime factors of d?
23
Let z(f) = -11*f - f**2 - 1 + 0*f - 10 - 10*f. List the prime factors of z(-16).
3, 23
Suppose 5*v = 7*v. Let j be (v + -3 - 1) + 12. Suppose 2*t - j = 22. List the prime factors of t.
3, 5
Let f = 42 - 27. What are the prime factors of 435*(10/f - 0)?
2, 5, 29
Let z(m) = 6*m + 10. Let o be z(6). List the prime factors of o/3*(-45)/(-6).
5, 23
Let t(w) = -93*w - 136. List the prime factors of t(-12).
2, 5, 7
Let t(c) = 72*c + 198. List the prime factors of t(9).
2, 3, 47
Let n(d) = -2*d**3 - 2*d**2 - 32. List the prime factors of n(-6).
2, 41
Let v = 1129 + -590. List the prime factors of v.
7, 11
Suppose -25*z + 44428 = 4*z. List the prime factors of z.
2, 383
Let m = -1235 - -1877. List the prime factors of m.
2, 3, 107
Suppose 17*y + 520 = 19*y - 4*z, -5*y = -3*z - 1328. What are the prime factors of y?
2, 67
Let c = 213 + -33. What are the prime factors of c?
2, 3, 5
Let f = -17 - -19. List the prime factors of ((-18)/27)/(f/(-60)).
2, 5
Suppose 23*f = 28*f - 4955. List the prime factors of f.
991
Let v(h) = -195*h. Let y be v(-2). Suppose y + 306 = 6*z. What are the prime factors of z?
2, 29
Let s(f) = -16*f**3 - 4*f**2 + 2*f - 9. What are the prime factors of s(-5)?
3, 11, 19
Suppose -4*b - 812 = -2*r, 2*r + 5*b = b + 788. What are the prime factors of r?
2, 5
Suppose -5*o + 3*t = -1218, -5*o = -t + 3*t - 1213. Suppose 940 = 4*x - 4*s, -o = -x - 5*s + 2*s. List the prime factors of x.
3, 79
Let i(o) = -13*o**2 + 49*o - 32. Let f(h) = 3*h**2 - 12*h + 8. Let x(b) = -9*f(b) - 2*i(b). Let t be x(7). List the prime factors of (t - (0 - 3)) + -1.
3, 5
Let p(l) = 6*